{"id":125,"date":"2025-06-03T11:25:35","date_gmt":"2025-06-03T09:25:35","guid":{"rendered":"https:\/\/www.fprh.fr\/?page_id=125"},"modified":"2025-10-15T16:40:02","modified_gmt":"2025-10-15T14:40:02","slug":"actu-reseaux-partenaires","status":"publish","type":"page","link":"https:\/\/www.fprh.fr\/index.php\/contact\/actu-reseaux-partenaires\/","title":{"rendered":"Actu r\u00e9seaux partenaires"},"content":{"rendered":"\n<p>SOS h\u00e9patites et Maladies du foie (Association de patients)<\/p>\n\n\n<ul class=\"wp-block-rss\"><li class='wp-block-rss__item'><div class='wp-block-rss__item-title'><a href='https:\/\/soshepatites.org\/mashletter-n51-mars-2026\/?utm_source=rss&#038;utm_medium=rss&#038;utm_campaign=mashletter-n51-mars-2026'>MASHLETTER N\u00b051 \u2013 MARS 2026<\/a><\/div><\/li><li class='wp-block-rss__item'><div class='wp-block-rss__item-title'><a href='https:\/\/soshepatites.org\/mashletter-n50-fevrier-2026\/?utm_source=rss&#038;utm_medium=rss&#038;utm_campaign=mashletter-n50-fevrier-2026'>MASHLETTER N\u00b050 \u2013 F\u00c9VRIER 2026<\/a><\/div><\/li><li class='wp-block-rss__item'><div class='wp-block-rss__item-title'><a href='https:\/\/soshepatites.org\/journee-mondiale-contre-le-cancer-2026\/?utm_source=rss&#038;utm_medium=rss&#038;utm_campaign=journee-mondiale-contre-le-cancer-2026'>JOURN\u00c9E MONDIALE CONTRE LE CANCER 2026<\/a><\/div><\/li><li class='wp-block-rss__item'><div class='wp-block-rss__item-title'><a href='https:\/\/soshepatites.org\/mashletter-n49-janvier-2026\/?utm_source=rss&#038;utm_medium=rss&#038;utm_campaign=mashletter-n49-janvier-2026'>MASHLETTER N\u00b049 \u2013 JANVIER 2026<\/a><\/div><\/li><li class='wp-block-rss__item'><div class='wp-block-rss__item-title'><a href='https:\/\/soshepatites.org\/etude-anrs-0250s-bi-light\/?utm_source=rss&#038;utm_medium=rss&#038;utm_campaign=etude-anrs-0250s-bi-light'>\u00c9TUDE ANRS 0250s-BI-LIGHT<\/a><\/div><\/li><\/ul>\n\n\n<p>AFEF (soci\u00e9t\u00e9 savante en h\u00e9patologie)<\/p>\n\n\n\n<p><a href=\"https:\/\/afef.asso.fr\/news\">https:\/\/afef.asso.fr\/news<\/a><\/p>\n\n\n\n<p>ANGH (Association des HGE des H\u00f4pitaux G\u00e9n\u00e9raux)<\/p>\n\n\n\n<p><a href=\"https:\/\/angh.net\">https:\/\/angh.net<\/a><\/p>\n\n\n\n<p><\/p>\n\n\n\n<p><\/p>\n\n\n\n<p><\/p>\n","protected":false},"excerpt":{"rendered":"<p>SOS h\u00e9patites et Maladies du foie (Association de patients) AFEF (soci\u00e9t\u00e9 savante en h\u00e9patologie) https:\/\/afef.asso.fr\/news ANGH (Association des HGE des H\u00f4pitaux G\u00e9n\u00e9raux) https:\/\/angh.net<\/p>\n","protected":false},"author":1,"featured_media":0,"parent":19,"menu_order":1,"comment_status":"closed","ping_status":"closed","template":"","meta":{"footnotes":""},"class_list":["post-125","page","type-page","status-publish","hentry"],"yoast_head":"<!-- This site is optimized with the Yoast SEO plugin v25.7 - https:\/\/yoast.com\/wordpress\/plugins\/seo\/ -->\n<title>Actu r\u00e9seaux partenaires - FPRH - la federation des centres experts h\u00e9patites<\/title>\n<meta name=\"robots\" content=\"index, follow, max-snippet:-1, max-image-preview:large, max-video-preview:-1\" \/>\n<link rel=\"canonical\" href=\"https:\/\/www.fprh.fr\/index.php\/contact\/actu-reseaux-partenaires\/\" \/>\n<meta property=\"og:locale\" content=\"fr_FR\" \/>\n<meta property=\"og:type\" content=\"article\" \/>\n<meta property=\"og:title\" content=\"Actu r\u00e9seaux partenaires - FPRH - la federation des centres experts h\u00e9patites\" \/>\n<meta property=\"og:description\" content=\"SOS h\u00e9patites et Maladies du foie (Association de patients) AFEF (soci\u00e9t\u00e9 savante en h\u00e9patologie) https:\/\/afef.asso.fr\/news ANGH (Association des HGE des H\u00f4pitaux G\u00e9n\u00e9raux) https:\/\/angh.net\" \/>\n<meta property=\"og:url\" content=\"https:\/\/www.fprh.fr\/index.php\/contact\/actu-reseaux-partenaires\/\" \/>\n<meta property=\"og:site_name\" content=\"FPRH - la federation des centres experts h\u00e9patites\" \/>\n<meta property=\"article:modified_time\" content=\"2025-10-15T14:40:02+00:00\" \/>\n<meta property=\"og:image\" content=\"https:\/\/www.fprh.fr\/wp-content\/uploads\/2025\/05\/logo_FPRH_2025.jpg\" \/>\n\t<meta property=\"og:image:width\" content=\"341\" \/>\n\t<meta property=\"og:image:height\" content=\"172\" \/>\n\t<meta property=\"og:image:type\" content=\"image\/jpeg\" \/>\n<meta name=\"twitter:card\" content=\"summary_large_image\" \/>\n<meta name=\"twitter:label1\" content=\"Dur\u00e9e de lecture estim\u00e9e\" \/>\n\t<meta name=\"twitter:data1\" content=\"1 minute\" \/>\n<script type=\"application\/ld+json\" class=\"yoast-schema-graph\">{\"@context\":\"https:\/\/schema.org\",\"@graph\":[{\"@type\":\"WebPage\",\"@id\":\"https:\/\/www.fprh.fr\/index.php\/contact\/actu-reseaux-partenaires\/\",\"url\":\"https:\/\/www.fprh.fr\/index.php\/contact\/actu-reseaux-partenaires\/\",\"name\":\"Actu r\u00e9seaux partenaires - FPRH - la federation des centres experts h\u00e9patites\",\"isPartOf\":{\"@id\":\"https:\/\/www.fprh.fr\/#website\"},\"datePublished\":\"2025-06-03T09:25:35+00:00\",\"dateModified\":\"2025-10-15T14:40:02+00:00\",\"breadcrumb\":{\"@id\":\"https:\/\/www.fprh.fr\/index.php\/contact\/actu-reseaux-partenaires\/#breadcrumb\"},\"inLanguage\":\"fr-FR\",\"potentialAction\":[{\"@type\":\"ReadAction\",\"target\":[\"https:\/\/www.fprh.fr\/index.php\/contact\/actu-reseaux-partenaires\/\"]}]},{\"@type\":\"BreadcrumbList\",\"@id\":\"https:\/\/www.fprh.fr\/index.php\/contact\/actu-reseaux-partenaires\/#breadcrumb\",\"itemListElement\":[{\"@type\":\"ListItem\",\"position\":1,\"name\":\"Accueil\",\"item\":\"https:\/\/www.fprh.fr\/\"},{\"@type\":\"ListItem\",\"position\":2,\"name\":\"Partenaires\",\"item\":\"https:\/\/www.fprh.fr\/index.php\/contact\/\"},{\"@type\":\"ListItem\",\"position\":3,\"name\":\"Actu r\u00e9seaux partenaires\"}]},{\"@type\":\"WebSite\",\"@id\":\"https:\/\/www.fprh.fr\/#website\",\"url\":\"https:\/\/www.fprh.fr\/\",\"name\":\"FPRH - la federation des centre experts h\u00e9patites\",\"description\":\"Ensemble contre les Maladies du Foie !\",\"publisher\":{\"@id\":\"https:\/\/www.fprh.fr\/#organization\"},\"alternateName\":\"FPRH\",\"potentialAction\":[{\"@type\":\"SearchAction\",\"target\":{\"@type\":\"EntryPoint\",\"urlTemplate\":\"https:\/\/www.fprh.fr\/?s={search_term_string}\"},\"query-input\":{\"@type\":\"PropertyValueSpecification\",\"valueRequired\":true,\"valueName\":\"search_term_string\"}}],\"inLanguage\":\"fr-FR\"},{\"@type\":\"Organization\",\"@id\":\"https:\/\/www.fprh.fr\/#organization\",\"name\":\"F\u00e9d\u00e9ration nationale des P\u00f4les de r\u00e9f\u00e9rence et R\u00e9seaux H\u00e9patites (FPRH)\",\"url\":\"https:\/\/www.fprh.fr\/\",\"logo\":{\"@type\":\"ImageObject\",\"inLanguage\":\"fr-FR\",\"@id\":\"https:\/\/www.fprh.fr\/#\/schema\/logo\/image\/\",\"url\":\"https:\/\/www.fprh.fr\/wp-content\/uploads\/2025\/05\/logo_FPRH_2025.jpg\",\"contentUrl\":\"https:\/\/www.fprh.fr\/wp-content\/uploads\/2025\/05\/logo_FPRH_2025.jpg\",\"width\":341,\"height\":172,\"caption\":\"F\u00e9d\u00e9ration nationale des P\u00f4les de r\u00e9f\u00e9rence et R\u00e9seaux H\u00e9patites (FPRH)\"},\"image\":{\"@id\":\"https:\/\/www.fprh.fr\/#\/schema\/logo\/image\/\"},\"sameAs\":[\"https:\/\/www.linkedin.com\/company\/fprh-f\u00e9d\u00e9ration-nationale-des-p\u00f4les-de-r\u00e9f\u00e9rence-et-r\u00e9seaux-h\u00e9patites\/\"]}]}<\/script>\n<!-- \/ Yoast SEO plugin. -->","yoast_head_json":{"title":"Actu r\u00e9seaux partenaires - FPRH - la federation des centres experts h\u00e9patites","robots":{"index":"index","follow":"follow","max-snippet":"max-snippet:-1","max-image-preview":"max-image-preview:large","max-video-preview":"max-video-preview:-1"},"canonical":"https:\/\/www.fprh.fr\/index.php\/contact\/actu-reseaux-partenaires\/","og_locale":"fr_FR","og_type":"article","og_title":"Actu r\u00e9seaux partenaires - FPRH - la federation des centres experts h\u00e9patites","og_description":"SOS h\u00e9patites et Maladies du foie (Association de patients) AFEF (soci\u00e9t\u00e9 savante en h\u00e9patologie) https:\/\/afef.asso.fr\/news ANGH (Association des HGE des H\u00f4pitaux G\u00e9n\u00e9raux) https:\/\/angh.net","og_url":"https:\/\/www.fprh.fr\/index.php\/contact\/actu-reseaux-partenaires\/","og_site_name":"FPRH - la federation des centres experts h\u00e9patites","article_modified_time":"2025-10-15T14:40:02+00:00","og_image":[{"width":341,"height":172,"url":"https:\/\/www.fprh.fr\/wp-content\/uploads\/2025\/05\/logo_FPRH_2025.jpg","type":"image\/jpeg"}],"twitter_card":"summary_large_image","twitter_misc":{"Dur\u00e9e de lecture estim\u00e9e":"1 minute"},"schema":{"@context":"https:\/\/schema.org","@graph":[{"@type":"WebPage","@id":"https:\/\/www.fprh.fr\/index.php\/contact\/actu-reseaux-partenaires\/","url":"https:\/\/www.fprh.fr\/index.php\/contact\/actu-reseaux-partenaires\/","name":"Actu r\u00e9seaux partenaires - FPRH - la federation des centres experts h\u00e9patites","isPartOf":{"@id":"https:\/\/www.fprh.fr\/#website"},"datePublished":"2025-06-03T09:25:35+00:00","dateModified":"2025-10-15T14:40:02+00:00","breadcrumb":{"@id":"https:\/\/www.fprh.fr\/index.php\/contact\/actu-reseaux-partenaires\/#breadcrumb"},"inLanguage":"fr-FR","potentialAction":[{"@type":"ReadAction","target":["https:\/\/www.fprh.fr\/index.php\/contact\/actu-reseaux-partenaires\/"]}]},{"@type":"BreadcrumbList","@id":"https:\/\/www.fprh.fr\/index.php\/contact\/actu-reseaux-partenaires\/#breadcrumb","itemListElement":[{"@type":"ListItem","position":1,"name":"Accueil","item":"https:\/\/www.fprh.fr\/"},{"@type":"ListItem","position":2,"name":"Partenaires","item":"https:\/\/www.fprh.fr\/index.php\/contact\/"},{"@type":"ListItem","position":3,"name":"Actu r\u00e9seaux partenaires"}]},{"@type":"WebSite","@id":"https:\/\/www.fprh.fr\/#website","url":"https:\/\/www.fprh.fr\/","name":"FPRH - la federation des centre experts h\u00e9patites","description":"Ensemble contre les Maladies du Foie !","publisher":{"@id":"https:\/\/www.fprh.fr\/#organization"},"alternateName":"FPRH","potentialAction":[{"@type":"SearchAction","target":{"@type":"EntryPoint","urlTemplate":"https:\/\/www.fprh.fr\/?s={search_term_string}"},"query-input":{"@type":"PropertyValueSpecification","valueRequired":true,"valueName":"search_term_string"}}],"inLanguage":"fr-FR"},{"@type":"Organization","@id":"https:\/\/www.fprh.fr\/#organization","name":"F\u00e9d\u00e9ration nationale des P\u00f4les de r\u00e9f\u00e9rence et R\u00e9seaux H\u00e9patites (FPRH)","url":"https:\/\/www.fprh.fr\/","logo":{"@type":"ImageObject","inLanguage":"fr-FR","@id":"https:\/\/www.fprh.fr\/#\/schema\/logo\/image\/","url":"https:\/\/www.fprh.fr\/wp-content\/uploads\/2025\/05\/logo_FPRH_2025.jpg","contentUrl":"https:\/\/www.fprh.fr\/wp-content\/uploads\/2025\/05\/logo_FPRH_2025.jpg","width":341,"height":172,"caption":"F\u00e9d\u00e9ration nationale des P\u00f4les de r\u00e9f\u00e9rence et R\u00e9seaux H\u00e9patites (FPRH)"},"image":{"@id":"https:\/\/www.fprh.fr\/#\/schema\/logo\/image\/"},"sameAs":["https:\/\/www.linkedin.com\/company\/fprh-f\u00e9d\u00e9ration-nationale-des-p\u00f4les-de-r\u00e9f\u00e9rence-et-r\u00e9seaux-h\u00e9patites\/"]}]}},"_links":{"self":[{"href":"https:\/\/www.fprh.fr\/index.php\/wp-json\/wp\/v2\/pages\/125","targetHints":{"allow":["GET"]}}],"collection":[{"href":"https:\/\/www.fprh.fr\/index.php\/wp-json\/wp\/v2\/pages"}],"about":[{"href":"https:\/\/www.fprh.fr\/index.php\/wp-json\/wp\/v2\/types\/page"}],"author":[{"embeddable":true,"href":"https:\/\/www.fprh.fr\/index.php\/wp-json\/wp\/v2\/users\/1"}],"replies":[{"embeddable":true,"href":"https:\/\/www.fprh.fr\/index.php\/wp-json\/wp\/v2\/comments?post=125"}],"version-history":[{"count":1,"href":"https:\/\/www.fprh.fr\/index.php\/wp-json\/wp\/v2\/pages\/125\/revisions"}],"predecessor-version":[{"id":126,"href":"https:\/\/www.fprh.fr\/index.php\/wp-json\/wp\/v2\/pages\/125\/revisions\/126"}],"up":[{"embeddable":true,"href":"https:\/\/www.fprh.fr\/index.php\/wp-json\/wp\/v2\/pages\/19"}],"wp:attachment":[{"href":"https:\/\/www.fprh.fr\/index.php\/wp-json\/wp\/v2\/media?parent=125"}],"curies":[{"name":"wp","href":"https:\/\/api.w.org\/{rel}","templated":true}]}}